j**2 - 3*j + 6. Calculate i(-2).
-116
Let c(k) = -2*k**2 - 66*k - 434. Calculate c(-30).
-254
Let h(q) = -9540*q + 57253. Determine h(6).
13
Let o(b) = -b**2 + 32*b - 239. Determine o(21).
-8
Let k(s) = -120*s - 16. What is k(5)?
-616
Let d(f) = -4*f + 278. Determine d(-17).
346
Let i(j) = 56*j - 5821. Calculate i(104).
3
Let c(k) = 121*k - 684. Determine c(0).
-684
Let a(t) = -t - 570. Give a(-27).
-543
Let u(m) = 4*m**2 + 35*m + 9. Determine u(-13).
230
Let m(k) = -130*k + 1436. What is m(17)?
-774
Let y(a) = 12*a + 33. Give y(5).
93
Let o(z) = 15*z**2 - 35*z + 142. What is o(7)?
632
Let c(q) = -5*q**2 + 77*q - 11. Calculate c(15).
19
Let t(m) = -4*m**2 - 111*m - 109. What is t(-27)?
-28
Let x(c) = -4*c**2 + 37*c - 27. Give x(8).
13
Let d(f) = 2*f**2 - 315*f - 2539. What is d(165)?
-64
Let h(m) = -159*m**2 + 611*m + 113. Determine h(4).
13
Let t(o) = 6611*o + 13233. Calculate t(-2).
11
Let m(y) = 15*y**2 + 24*y - 6. What is m(-6)?
390
Let s(f) = f**2 - 301*f - 4419. Calculate s(-14).
-9
Let n(w) = -w**2 + 30*w + 356. What is n(-7)?
97
Let k(d) = -35*d**2 + 626*d + 27. Determine k(18).
-45
Let v(f) = -2*f**2 + 30*f - 29. Calculate v(21).
-281
Let f(v) = 49*v**3 + 2207*v**2 + 88*v - 91. Determine f(-45).
-1
Let h(n) = -n**3 + 12*n**2 + 84*n + 15. Give h(-5).
20
Let u(l) = l**3 + 55*l**2 + 58*l + 137. Determine u(-54).
-79
Let z(x) = 23*x**3 - 11*x**2 - 25*x - 12. Determine z(-3).
-657
Let c(r) = 430*r**2. Calculate c(1).
430
Let r(i) = -i**3 - 5*i**2 + 39*i + 201. What is r(-5)?
6
Let t(y) = 170*y - 24990. Calculate t(147).
0
Let i(g) = g**3 + 11*g**2 - 26*g - 299. Calculate i(-11).
-13
Let b(a) = 2*a**2 - 377*a - 565. Give b(190).
5
Let p(n) = 4*n**3 + 5*n**2 + 34*n + 3. Give p(0).
3
Let q(p) = 9*p + 383. What is q(-44)?
-13
Let f(k) = 4841*k + 4833. Give f(-1).
-8
Let a(q) = 32*q - 44. What is a(2)?
20
Let a(w) = -2*w**2 - 139*w - 43. Give a(-69).
26
Let m(j) = 10*j**2 + 113*j + 313. What is m(-6)?
-5
Let o(w) = 42*w + 6462. Give o(-154).
-6
Let f(v) = 31*v**3 - 5*v**2 - 4*v + 1. What is f(-2)?
-259
Let i(f) = 43*f - 1077. What is i(25)?
-2
Let r(x) = -x**3 - 24*x**2 - 10*x + 32. Give r(-23).
-267
Let m(x) = -x**3 - 9*x**2 + 3*x + 55. What is m(-9)?
28
Let q(l) = -215*l - 866. What is q(-4)?
-6
Let r(p) = -42*p - 339. What is r(-6)?
-87
Let f(q) = 1144*q - 6869. Give f(6).
-5
Let z(x) = 585*x - 1759. What is z(3)?
-4
Let z(w) = -22*w + 50. Calculate z(16).
-302
Let o(i) = 2*i**3 + 21*i**2 - 15*i - 40. What is o(-11)?
4
Let l(o) = o**3 + 6*o**2 - 13*o - 86. Give l(-5).
4
Let o(x) = 2*x**2 + 20*x + 58. Give o(-10).
58
Let y(p) = 7*p + 602. What is y(-87)?
-7
Let u(f) = f**2 - 12*f - 15. Give u(-3).
30
Let f(i) = -5*i**2 - 44*i - 91. What is f(-7)?
-28
Let h(k) = -2194*k + 13123. Determine h(6).
-41
Let j(b) = 6*b**2 - 111*b + 407. Calculate j(4).
59
Let u(l) = -640*l + 2498. Calculate u(4).
-62
Let j(r) = r**3 - 17*r**2 + 52*r - 29. Give j(3).
1
Let y(z) = -8*z**2 + 79*z - 15. What is y(8)?
105
Let a(n) = -22*n**2 + 50*n - 34. What is a(2)?
-22
Let r(a) = 2*a**3 - 23*a**2 + 73*a - 50. Give r(5).
-10
Let w(x) = 280*x + 2868. Calculate w(-10).
68
Let g(b) = -5*b - 12. Give g(12).
-72
Let b(v) = 93*v - 1056. Give b(10).
-126
Let f(c) = -1224*c - 703793. Determine f(-575).
7
Let m(x) = -225*x - 853. Give m(-6).
497
Let z(x) = -x**2 + 5*x + 39. Give z(13).
-65
Let i(d) = -1313*d + 4805. What is i(4)?
-447
Let c(o) = o**2 + 1038*o + 16314. Determine c(-16).
-38
Let v(p) = 5*p**3 + 5*p**2 + 52*p - 57. Determine v(1).
5
Let u(k) = -22*k**2 + 38*k - 7. Determine u(2).
-19
Let d(y) = -2*y**3 + 23*y**2 - 61*y + 2. Give d(5).
22
Let o(a) = -a**3 + a**2 - 65*a + 737. Give o(7).
-12
Let u(o) = o**2 - 38*o + 230. What is u(34)?
94
Let k(i) = 2*i**3 + 3*i**2 - 13*i - 35. Give k(-5).
-145
Let g(m) = -m**3 + 5*m**2 - 3*m + 21. Calculate g(5).
6
Let y(l) = -1093*l + 45901. Give y(42).
-5
Let r(o) = -3*o**3 - 27*o**2 + 29*o + 21. Give r(-10).
31
Let k(m) = -6*m**2 - 418*m + 842. Give k(2).
-18
Let l(g) = 2*g**3 + 75*g**2 - 115*g + 106. Calculate l(-39).
28
Let k(u) = -u**2 + 35*u - 49. Determine k(39).
-205
Let a(y) = y**3 + 4*y**2 + y - 73. What is a(7)?
473
Let d(r) = -r**3 + 13*r**2 - 33*r - 55. Calculate d(6).
-1
Let g(r) = 2*r**2 - 40*r + 257. What is g(7)?
75
Let f(l) = l**3 + 86*l**2 - 34*l - 2928. What is f(-86)?
-4
Let y(h) = -h**3 + 27*h**2 - 167*h + 247. Calculate y(6).
1
Let m(l) = 63*l - 227. Determine m(4).
25
Let l(f) = 33*f + 208. Give l(-20).
-452
Let n(b) = -b**3 + 31*b**2 - 72*b - 42. Give n(3).
-6
Let v(s) = s**3 - 194*s**2 - 1207*s - 38. Calculate v(-6).
4
Let h(m) = -30*m**2 + 164*m - 40. Determine h(5).
30
Let k(v) = v**2 - 49*v - 5302. What is k(101)?
-50
Let p(a) = -a**3 - 227*a**2 - 10531*a - 172. Calculate p(-162).
-10
Let a(p) = 33*p - 2679. Calculate a(81).
-6
Let i(l) = -851*l + 5113. Calculate i(6).
7
Let i(p) = -p**2 + 39*p - 213. Give i(7).
11
Let d(r) = 596*r - 603. Determine d(1).
-7
Let n(p) = 37*p**2 + 338*p + 19. Give n(-9).
-26
Let q(o) = 21*o + 121. Calculate q(-7).
-26
Let p(u) = u**2 - 27*u + 169. Calculate p(7).
29
Let d(v) = 7*v**2 - 212*v - 48. Give d(30).
-108
Let h(o) = -6*o + 322. Calculate h(16).
226
Let t(d) = 2*d**3 - 5*d**2 - 40. Determine t(0).
-40
Let m(u) = u**3 + 29*u**2 - 7*u - 196. Give m(-29).
7
Let t(s) = 2*s**3 - 27*s**2 + 3*s + 139. Determine t(13).
9
Let l(o) = 2*o**3 + 52*o**2 - 63*o - 192. What is l(-27)?
51
Let i(b) = -b**2 - 65*b - 758. What is i(-16)?
26
Let y(h) = 50*h**3 - 246*h**2 + 14*h - 8. What is y(5)?
162
Let w(i) = -1897*i + 5652. What is w(3)?
-39
Let r(c) = -c**2 + 48*c + 8088. What is r(117)?
15
Let r(y) = 13*y**2 - 436*y + 653. What is r(32)?
13
Let p(n) = 372*n + 13764. Determine p(-37).
0
Let o(z) = 2*z**3 - 42*z**2 - 59*z + 335. Give o(22).
5
Let k(r) = -3*r**2 + 37*r + 41. What is k(13)?
15
Let l(i) = -8*i - 146. Give l(-13).
-42
Let j(m) = 280*m - 65273. What is j(233)?
-33
Let v(p) = 2*p**2 + 83*p - 623. Give v(-48).
1
Let t(r) = -2*r**2 + 29*r + 8. Calculate t(14).
22
Let z(x) = -4*x**2 + 53*x. Calculate z(17).
-255
Let f(y) = 363*y - 18540. Calculate f(51).
-27
Let d(o) = -83*o - 51. Determine d(0).
-51
Let x(q) = -2*q**2 - 5*q + 51. Calculate x(4).
-1
Let g(s) = 2*s**3 - 115*s**2 + 62*s + 139. Calculate g(57).
424
Let x(h) = h**2 - 16*h + 26. Determine x(9).
-37
Let x(q) = q**3 + 87*q**2 + 1617*q - 175. Calculate x(-60).
5
Let m(v) = -7*v**3 + 127*v**2 + 6*v - 432. What is m(18)?
0
Let m(j) = 2*j**3 - 37*j**2 + 13*j - 62. Calculate m(18).
-152
Let h(b) = 64*b - 2043. Give h(32).
5
Let f(z) = -118*z - 2. Give f(0).
-2
Let m(h) = -h**3 + 67*h**2 + 130*h + 550. Calculate m(69).
-2
Let r(n) = -n**2 - 757*n - 19008. Calculate r(-26).
-2
Let i(g) = -12*g**2 - 7*g - 10. Calculate i(-4).
-174
Let k(v) = -2*v**3 + 33*v**2 - 19*v + 610. What is k(17)?
-2
Let p(l) = l**3 - 2*l**2 - 46*l + 52. Determine p(7).
-25
Let k(p) = -12*p - 68. Give k(-44).
460
Let a(s) = -23*s - 144. Give a(-14).
178
Let o(a) = 2*a**3 + 14*a**2 - a + 8. Determine o(-8).
-112
Let v(n) = -2*n**2 + 59*n + 442. Determine v(-9).
-251
Let s(w) = 1260*w + 46611. Give s(-37).
-9
Let y(j) = j**3 - 10*j**2 + 9*j - 17. What is y(9)?
-17
Let c(r) = 50*r - 189. What is c(4)?
11
Let r(o) = 3*o**3 - 215*o**2 + 150*o - 602. Determine r(71).
-34
Let i(k) = 150*k + 5. What is i(-1)?
-145
Let m(j) = -2*j**3 - 289*j**2 + 109*j - 5215. What is m(-145)?
5
Let g(w) = -3*w**3 + w**2 + 21*w - 4. Determine g(-3).
23
Let t(c) = -3*c**2 + 756*c + 4625. Give t(-6).
-19
Let r(l) = l**2 + 24*l + 172. Calculate r(-15).
37
Let q(u) = u**3 - 13*u**2 + 27*u - 101. What is q(11)?
-46
Let y(p) = -161*p + 613. Give y(4).
-31
Let o(p) = 2*p**2 + 159*p + 521. What is o(-76)?
-11
Let v(k) = -91*k - 713. Give v(-6).
-167
Let l(g) = 1363*g - 12225. Calculate l(9).
42
Let h(p) = p**2 + 86*p + 221. Calculate h(-3).
-28
Let w(s) = -s**3 + 25*s**2 - 25*s + 21. Determine w(24).
-3
Let c(h) = h**3 - 2*h**2 - 27*h + 181. What is c(4)?
105
Let x(g) = -1953*g - 44930. Determine x(-23).
-11
Let k(p) = -p**2 + 224*p + 3324. Give k(-14).
-8
Let a(j) = 39*j + 330. What is a(-9)?
-21
Let p(y) = 221*y + 2269. What is p(-10)?
59
Let w(h) = 10*h**2 - 192*h - 609. Give w(22).
7
Let h(t) = 6*t**3 - 27*t**2 - 231*t + 1068. What is h(5)?
-12
Let f(s) = -36*s**2 + s - 5